
Calculate the greatest common factor of 371 and 63189.
7
Calculate the greatest common divisor of 117 and 7033.
13
Calculate the highest common divisor of 13719 and 8517.
51
Calculate the highest common divisor of 705 and 3627225.
705
What is the greatest common divisor of 30 and 90705?
15
What is the highest common factor of 313 and 7859743?
313
What is the highest common divisor of 6845440 and 40?
40
Calculate the greatest common divisor of 2408 and 126.
14
What is the highest common divisor of 127026 and 54?
18
What is the highest common divisor of 6600 and 2145?
165
What is the greatest common divisor of 1247 and 215499?
29
What is the greatest common factor of 91352 and 304?
152
Calculate the greatest common divisor of 2028 and 1499706.
1014
What is the greatest common divisor of 1116 and 14043?
93
What is the highest common divisor of 1335796 and 66?
22
What is the highest common factor of 1653 and 43587?
87
Calculate the highest common factor of 622 and 206815.
311
What is the greatest common factor of 39397 and 6?
1
What is the highest common divisor of 1234 and 438687?
617
Calculate the greatest common factor of 166 and 1419798.
166
Calculate the greatest common divisor of 20628 and 1836.
108
What is the highest common factor of 108103 and 221?
17
Calculate the highest common divisor of 13498 and 14348.
34
Calculate the highest common factor of 20226 and 144.
6
Calculate the highest common divisor of 1 and 283099.
1
What is the greatest common divisor of 135 and 35199?
9
What is the greatest common factor of 25152 and 400?
16
Calculate the greatest common factor of 3 and 31359.
3
Calculate the highest common divisor of 33218 and 153.
17
What is the greatest common factor of 836 and 248292?
836
Calculate the highest common divisor of 108 and 30672.
108
Calculate the highest common factor of 80508 and 90.
6
Calculate the greatest common divisor of 945 and 21434.
7
What is the highest common divisor of 452 and 36?
4
What is the highest common factor of 915153 and 1131?
87
What is the greatest common factor of 885 and 120537?
177
Calculate the highest common divisor of 136590 and 90.
30
What is the greatest common divisor of 28006 and 7942?
418
What is the highest common divisor of 1825 and 156850?
25
What is the highest common divisor of 976818 and 12?
6
What is the greatest common factor of 2910 and 2430?
30
What is the highest common divisor of 48396 and 83712?
1308
What is the greatest common factor of 6336 and 960?
192
Calculate the highest common divisor of 2845239 and 6.
3
Calculate the highest common factor of 313113 and 3363.
177
Calculate the highest common factor of 39122 and 93.
31
What is the highest common divisor of 88752 and 17200?
688
Calculate the highest common factor of 55605 and 1485.
165
What is the greatest common divisor of 39 and 535431?
39
What is the greatest common divisor of 31717 and 97727?
161
What is the highest common factor of 11178 and 1012?
46
Calculate the highest common divisor of 311 and 304469.
311
Calculate the greatest common factor of 150 and 5270.
10
Calculate the greatest common divisor of 4533870 and 20.
10
Calculate the highest common factor of 42595 and 140.
35
Calculate the highest common factor of 112 and 1159360.
16
Calculate the highest common factor of 3553 and 4807.
209
What is the highest common divisor of 23381 and 103?
103
What is the highest common divisor of 27624 and 636?
12
What is the greatest common divisor of 225 and 18850?
25
Calculate the highest common factor of 4035 and 10433165.
1345
Calculate the highest common divisor of 745 and 40.
5
What is the highest common factor of 6144 and 56?
8
What is the highest common divisor of 262 and 16?
2
Calculate the greatest common divisor of 787799 and 2253.
751
What is the greatest common divisor of 208 and 8368?
16
What is the greatest common factor of 71830 and 385?
55
Calculate the highest common factor of 58086 and 6.
6
Calculate the highest common factor of 12 and 388.
4
What is the highest common factor of 220 and 4580?
20
What is the greatest common divisor of 4417 and 7?
7
What is the greatest common divisor of 475167 and 51?
51
What is the greatest common divisor of 5768 and 2296?
56
What is the greatest common divisor of 286 and 1083511?
143
What is the highest common factor of 85 and 25381?
17
Calculate the greatest common factor of 10052 and 112.
28
What is the highest common factor of 5150 and 1890565?
515
What is the greatest common factor of 14666 and 6?
2
Calculate the greatest common factor of 116 and 1452.
4
What is the highest common factor of 528 and 35728?
176
Calculate the highest common divisor of 201 and 254399.
67
What is the greatest common factor of 11421 and 1128?
141
Calculate the greatest common factor of 5 and 13955.
5
Calculate the highest common factor of 53165 and 2695.
245
Calculate the greatest common divisor of 52117 and 76.
19
What is the greatest common factor of 84376 and 23320?
424
Calculate the greatest common divisor of 6931 and 551.
29
Calculate the highest common factor of 1610 and 3127586.
322
Calculate the highest common factor of 3213 and 3927.
357
Calculate the greatest common divisor of 261250 and 22.
22
What is the highest common divisor of 141120 and 240?
240
What is the highest common divisor of 118713 and 147?
21
What is the highest common factor of 178278 and 258?
258
Calculate the highest common factor of 44 and 189277.
11
What is the greatest common factor of 570 and 142890?
30
Calculate the highest common factor of 114 and 41148.
6
Calculate the greatest common divisor of 12 and 120708.
12
Calculate the greatest common factor of 2768 and 3312.
16
Calculate the highest common divisor of 3835 and 780.
65
Calculate the highest common divisor of 143104 and 16168.
344
What is the greatest common factor of 17272 and 272?
136
What is the greatest common factor of 1675 and 4450?
25
Calculate the greatest common divisor of 289 and 91324.
289
What is the highest common factor of 117560 and 120?
40
Calculate the greatest common divisor of 946 and 225406.
86
Calculate the highest common factor of 1038 and 917073.
519
Calculate the highest common divisor of 31656 and 424.
8
Calculate the highest common factor of 595 and 30695.
35
Calculate the highest common divisor of 1547840 and 350.
70
Calculate the highest common factor of 348408 and 216.
216
What is the highest common divisor of 265 and 774330?
265
What is the greatest common factor of 1310 and 262655?
655
What is the highest common factor of 931914 and 36?
18
What is the greatest common factor of 754 and 9077?
29
Calculate the greatest common factor of 1782 and 23976.
162
Calculate the highest common factor of 15963 and 34.
17
What is the highest common factor of 120 and 43548?
12
Calculate the greatest common factor of 95646 and 342.
114
Calculate the greatest common divisor of 41 and 5084.
41
What is the highest common divisor of 975 and 12165?
15
Calculate the greatest common divisor of 3021 and 6156.
57
Calculate the greatest common divisor of 175 and 2800.
175
What is the highest common factor of 90372 and 510?
102
What is the highest common factor of 79920 and 32?
16
Calculate the greatest common divisor of 508232 and 74.
74
Calculate the greatest common divisor of 96 and 33536.
32
What is the highest common divisor of 43038 and 1026?
54
What is the greatest common divisor of 529326 and 126?
126
Calculate the greatest common factor of 300 and 230640.
60
Calculate the greatest common divisor of 16142619 and 851.
851
What is the greatest common divisor of 583 and 781?
11
Calculate the greatest common divisor of 124 and 4117172.
124
What is the greatest common factor of 650 and 56186?
26
What is the highest common factor of 528 and 261008?
176
What is the highest common divisor of 489916 and 28?
28
What is the greatest common divisor of 205199 and 4239?
157
What is the greatest common divisor of 97974 and 18?
18
What is the highest common divisor of 1461588 and 120?
12
Calculate the greatest common divisor of 23 and 340308.
23
What is the highest common divisor of 106 and 56778?
2
What is the greatest common factor of 5616 and 16419?
39
What is the greatest common divisor of 259292 and 3905?
781
Calculate the highest common